


{"id":350,"date":"2026-03-09T22:58:06","date_gmt":"2026-03-09T21:58:06","guid":{"rendered":"https:\/\/veabrasil.org\/?post_type=tribe_events&#038;p=350"},"modified":"2026-04-09T14:46:09","modified_gmt":"2026-04-09T13:46:09","slug":"vea-mitglieder-somente-associados-vollversammlung-assembleia-geral-vea","status":"publish","type":"tribe_events","link":"https:\/\/veabrasil.org\/?tribe_events=vea-mitglieder-somente-associados-vollversammlung-assembleia-geral-vea","title":{"rendered":"[VEA MITGLIEDER\/SOMENTE ASSOCIADOS] Vollversammlung \/ Assembl\u00e9ia Geral VEA"},"content":{"rendered":"<p><strong>** SAVE THE DATE **<\/strong><\/p>\n<p>VEA Vollversammlung f\u00fcr Mitglieder am 22. April 2026 in Heidelberg.<\/p>\n<p>Tagesordnungspunkte (u.A.): Wahl des neuen Vorstands, Finanzbericht, Vokalensemble EnCanta und n\u00e4chste Veranstaltungen.<\/p>\n<p>Bitte nehmen Sie teil!<\/p>\n<p>***<\/p>\n<p>Assembl\u00e9ia Geral do VEA para associados no dia 22 de abril em Heidelberg.<\/p>\n<p>Pauta (dentre outros): elei\u00e7\u00e3o da nova Diretoria, balan\u00e7o financeiro, situa\u00e7\u00e3o do Grupo Vocal EnCanta e pr\u00f3ximos eventos.<\/p>\n<p>Compare\u00e7am!<\/p>\n<p>&nbsp;<\/p>\n","protected":false},"excerpt":{"rendered":"<p>** SAVE THE DATE ** VEA Vollversammlung f\u00fcr Mitglieder am 22. April 2026 in Heidelberg. Tagesordnungspunkte (u.A.): Wahl des neuen Vorstands, Finanzbericht, Vokalensemble EnCanta und n\u00e4chste Veranstaltungen. Bitte nehmen Sie teil! *** Assembl\u00e9ia Geral do&hellip; <a href=\"https:\/\/veabrasil.org\/?tribe_events=vea-mitglieder-somente-associados-vollversammlung-assembleia-geral-vea\">Mehr<\/a><\/p>\n","protected":false},"author":1,"featured_media":542,"template":"","meta":{"_crdt_document":"","_tribe_events_status":"","_tribe_events_status_reason":"","footnotes":""},"tags":[],"tribe_events_cat":[],"class_list":["post-350","tribe_events","type-tribe_events","status-publish","has-post-thumbnail","hentry"],"_links":{"self":[{"href":"https:\/\/veabrasil.org\/index.php?rest_route=\/wp\/v2\/tribe_events\/350","targetHints":{"allow":["GET"]}}],"collection":[{"href":"https:\/\/veabrasil.org\/index.php?rest_route=\/wp\/v2\/tribe_events"}],"about":[{"href":"https:\/\/veabrasil.org\/index.php?rest_route=\/wp\/v2\/types\/tribe_events"}],"author":[{"embeddable":true,"href":"https:\/\/veabrasil.org\/index.php?rest_route=\/wp\/v2\/users\/1"}],"version-history":[{"count":5,"href":"https:\/\/veabrasil.org\/index.php?rest_route=\/wp\/v2\/tribe_events\/350\/revisions"}],"predecessor-version":[{"id":543,"href":"https:\/\/veabrasil.org\/index.php?rest_route=\/wp\/v2\/tribe_events\/350\/revisions\/543"}],"wp:featuredmedia":[{"embeddable":true,"href":"https:\/\/veabrasil.org\/index.php?rest_route=\/wp\/v2\/media\/542"}],"wp:attachment":[{"href":"https:\/\/veabrasil.org\/index.php?rest_route=%2Fwp%2Fv2%2Fmedia&parent=350"}],"wp:term":[{"taxonomy":"post_tag","embeddable":true,"href":"https:\/\/veabrasil.org\/index.php?rest_route=%2Fwp%2Fv2%2Ftags&post=350"},{"taxonomy":"tribe_events_cat","embeddable":true,"href":"https:\/\/veabrasil.org\/index.php?rest_route=%2Fwp%2Fv2%2Ftribe_events_cat&post=350"}],"curies":[{"name":"wp","href":"https:\/\/api.w.org\/{rel}","templated":true}]}}

[VEA MITGLIEDER/SOMENTE ASSOCIADOS] Vollversammlung / Assembléia Geral VEA

<p><strong>** SAVE THE DATE **</strong></p>
<p>VEA Vollversammlung für Mitglieder am 22. April 2026 in Heidelberg.</p>
<p>Tagesordnungspunkte (u.A.): Wahl des neuen Vorstands, Finanzbericht, Vokalensemble EnCanta und nächste Veranstaltungen.</p>
<p>Bitte nehmen Sie teil!</p>
<p>***</p>
<p>Assembléia Geral do VEA para associados no dia 22 de abril em Heidelberg.</p>
<p>Pauta (dentre outros): eleição da nova Diretoria, balanço financeiro, situação do Grupo Vocal EnCanta e próximos eventos.</p>
<p>Compareçam!</p>
<p>&nbsp;</p>

<p>** SAVE THE DATE ** VEA Vollversammlung für Mitglieder am 22. April 2026 in Heidelberg. Tagesordnungspunkte (u.A.): Wahl des neuen Vorstands, Finanzbericht, Vokalensemble EnCanta und nächste Veranstaltungen. Bitte nehmen Sie teil! *** Assembléia Geral do&hellip; <a href="https://veabrasil.org/?tribe_events=vea-mitglieder-somente-associados-vollversammlung-assembleia-geral-vea">Mehr</a></p>
