


{"id":342,"date":"2026-03-09T22:47:01","date_gmt":"2026-03-09T21:47:01","guid":{"rendered":"https:\/\/veabrasil.org\/?post_type=tribe_events&#038;p=342"},"modified":"2026-03-09T22:47:08","modified_gmt":"2026-03-09T21:47:08","slug":"vea-empfiehlt-recomenda-modernes-ballet-bale-moderno-grupo-corpo","status":"publish","type":"tribe_events","link":"https:\/\/veabrasil.org\/?tribe_events=vea-empfiehlt-recomenda-modernes-ballet-bale-moderno-grupo-corpo","title":{"rendered":"[VEA empfiehlt\/recomenda] Modernes Ballet\/Bal\u00e9 Moderno Grupo Corpo"},"content":{"rendered":"<p>Die Heimat von Grupo Corpo ist die Millionenstadt Belo Horizonte, die Hauptstadt des Bundesstaates Minas Gerais in Brasilien. Hier fanden sich 1975 sechs Geschwister mit einigen Freunden zusammen und gr\u00fcndeten die Grupo Corpo, deren Name auch heute noch Anspruch und Programm der Compagnie ist: mit Gleichgesinnten einen \u201eGesamtk\u00f6rper\u201c zu bilden, dessen Charakteristikum die \u201erunde Bewegung\u201c wurde, der Fluss einer Gruppe in Bewegung. Der unverwechselbare Stil der Gruppe ist vor allem auf die enge Zusammenarbeit der Br\u00fcder Paulo und Rodrigo Pederneiras zur\u00fcckzuf\u00fchren.<\/p>\n<p>Fast \u00fcber Nacht wurde die Grupo Corpo zur ersten brasilianischen Compagnie, die sich an die Weltspitze tanzte und dort bis heute geblieben ist. Seit mehr als 20 Jahren tourt sie regelm\u00e4\u00dfig durch Europa und Amerika.<\/p>\n<p>***<\/p>\n<p>O Grupo Corpo \u00e9 de Belo Horizonte, Minas Gerais. Ali, em 1975, seis irm\u00e3os e alguns amigos se uniram para fundar o grupo, cujo nome ainda reflete a miss\u00e3o e a filosofia da companhia: formar um todo unificado com indiv\u00edduos de mentalidade afim, caracterizado por sua fluidez de movimento, o fluxo de um grupo em movimento. O estilo singular do grupo deve-se principalmente \u00e0 estreita colabora\u00e7\u00e3o entre os irm\u00e3os Paulo e Rodrigo Pederneiras.<\/p>\n<p>Quase da noite para o dia, o Grupo Corpo tornou-se a primeira companhia brasileira a alcan\u00e7ar o topo do cen\u00e1rio internacional da dan\u00e7a, posi\u00e7\u00e3o que mant\u00e9m desde ent\u00e3o. H\u00e1 mais de 20 anos, realiza turn\u00eas regulares pela Europa e pelas Am\u00e9ricas.<\/p>\n","protected":false},"excerpt":{"rendered":"<p>Die Heimat von Grupo Corpo ist die Millionenstadt Belo Horizonte, die Hauptstadt des Bundesstaates Minas Gerais in Brasilien. Hier fanden sich 1975 sechs Geschwister mit einigen Freunden zusammen und gr\u00fcndeten die Grupo Corpo, deren Name&hellip; <a href=\"https:\/\/veabrasil.org\/?tribe_events=vea-empfiehlt-recomenda-modernes-ballet-bale-moderno-grupo-corpo\">Mehr<\/a><\/p>\n","protected":false},"author":1,"featured_media":0,"template":"","meta":{"_crdt_document":"","_tribe_events_status":"","_tribe_events_status_reason":"","footnotes":""},"tags":[],"tribe_events_cat":[],"class_list":["post-342","tribe_events","type-tribe_events","status-publish","hentry"],"_links":{"self":[{"href":"https:\/\/veabrasil.org\/index.php?rest_route=\/wp\/v2\/tribe_events\/342","targetHints":{"allow":["GET"]}}],"collection":[{"href":"https:\/\/veabrasil.org\/index.php?rest_route=\/wp\/v2\/tribe_events"}],"about":[{"href":"https:\/\/veabrasil.org\/index.php?rest_route=\/wp\/v2\/types\/tribe_events"}],"author":[{"embeddable":true,"href":"https:\/\/veabrasil.org\/index.php?rest_route=\/wp\/v2\/users\/1"}],"version-history":[{"count":1,"href":"https:\/\/veabrasil.org\/index.php?rest_route=\/wp\/v2\/tribe_events\/342\/revisions"}],"predecessor-version":[{"id":346,"href":"https:\/\/veabrasil.org\/index.php?rest_route=\/wp\/v2\/tribe_events\/342\/revisions\/346"}],"wp:attachment":[{"href":"https:\/\/veabrasil.org\/index.php?rest_route=%2Fwp%2Fv2%2Fmedia&parent=342"}],"wp:term":[{"taxonomy":"post_tag","embeddable":true,"href":"https:\/\/veabrasil.org\/index.php?rest_route=%2Fwp%2Fv2%2Ftags&post=342"},{"taxonomy":"tribe_events_cat","embeddable":true,"href":"https:\/\/veabrasil.org\/index.php?rest_route=%2Fwp%2Fv2%2Ftribe_events_cat&post=342"}],"curies":[{"name":"wp","href":"https:\/\/api.w.org\/{rel}","templated":true}]}}

[VEA empfiehlt/recomenda] Modernes Ballet/Balé Moderno Grupo Corpo

<p>Die Heimat von Grupo Corpo ist die Millionenstadt Belo Horizonte, die Hauptstadt des Bundesstaates Minas Gerais in Brasilien. Hier fanden sich 1975 sechs Geschwister mit einigen Freunden zusammen und gründeten die Grupo Corpo, deren Name auch heute noch Anspruch und Programm der Compagnie ist: mit Gleichgesinnten einen „Gesamtkörper“ zu bilden, dessen Charakteristikum die „runde Bewegung“ wurde, der Fluss einer Gruppe in Bewegung. Der unverwechselbare Stil der Gruppe ist vor allem auf die enge Zusammenarbeit der Brüder Paulo und Rodrigo Pederneiras zurückzuführen.</p>
<p>Fast über Nacht wurde die Grupo Corpo zur ersten brasilianischen Compagnie, die sich an die Weltspitze tanzte und dort bis heute geblieben ist. Seit mehr als 20 Jahren tourt sie regelmäßig durch Europa und Amerika.</p>
<p>***</p>
<p>O Grupo Corpo é de Belo Horizonte, Minas Gerais. Ali, em 1975, seis irmãos e alguns amigos se uniram para fundar o grupo, cujo nome ainda reflete a missão e a filosofia da companhia: formar um todo unificado com indivíduos de mentalidade afim, caracterizado por sua fluidez de movimento, o fluxo de um grupo em movimento. O estilo singular do grupo deve-se principalmente à estreita colaboração entre os irmãos Paulo e Rodrigo Pederneiras.</p>
<p>Quase da noite para o dia, o Grupo Corpo tornou-se a primeira companhia brasileira a alcançar o topo do cenário internacional da dança, posição que mantém desde então. Há mais de 20 anos, realiza turnês regulares pela Europa e pelas Américas.</p>

<p>Die Heimat von Grupo Corpo ist die Millionenstadt Belo Horizonte, die Hauptstadt des Bundesstaates Minas Gerais in Brasilien. Hier fanden sich 1975 sechs Geschwister mit einigen Freunden zusammen und gründeten die Grupo Corpo, deren Name&hellip; <a href="https://veabrasil.org/?tribe_events=vea-empfiehlt-recomenda-modernes-ballet-bale-moderno-grupo-corpo">Mehr</a></p>
