


{"id":36,"date":"2026-03-02T21:15:18","date_gmt":"2026-03-02T21:15:18","guid":{"rendered":"https:\/\/veabrasil.org\/?page_id=36"},"modified":"2026-03-06T23:35:27","modified_gmt":"2026-03-06T23:35:27","slug":"nicht-verpassen-nao-percam","status":"publish","type":"page","link":"https:\/\/veabrasil.org\/","title":{"rendered":"Aktuelles \/ Destaques"},"content":{"rendered":"\n<p class=\"wp-block-paragraph\"><\/p>\n\n\n\n<h3 class=\"wp-block-heading has-background has-large-font-size\" style=\"background-color:#8ed8e6\">Bem-vindos ao VEA &#8211; Verein Entre \u00c1guas!<\/h3>\n\n\n\n<div class=\"wp-block-columns is-layout-flex wp-container-core-columns-is-layout-8f761849 wp-block-columns-is-layout-flex\">\n<div class=\"wp-block-column is-layout-flow wp-block-column-is-layout-flow\">\n<p class=\"wp-block-paragraph\"><\/p>\n\n\n\n<p class=\"wp-block-paragraph\">Wir sind eine Gruppe von Brasilianer:innen, die Deutschland zu ihrer Heimat gew\u00e4hlt haben und zugleich die Verbindung zu unseren Wurzeln in Brasilien lebendig halten. Zwischen zwei Gew\u00e4ssern \u2013 <em>Entre<\/em> <em>\u00c1guas<\/em> \u2013 wachsen unsere Erfahrungen, Erinnerungen und Perspektiven weiter.<\/p>\n\n\n\n<p class=\"wp-block-paragraph\">In unserem Verein m\u00f6chten wir diese Wurzeln pflegen und n\u00e4hren, damit sie neue Triebe hervorbringen k\u00f6nnen: Begegnungen, kulturellen Austausch und gemeinsames Lernen. Durch unsere soziale und kulturelle Arbeit setzen wir uns f\u00fcr Vielfalt, Offenheit und Toleranz ein.<\/p>\n\n\n\n<p class=\"wp-block-paragraph\">Wir verstehen uns als ein Ort der Begegnung f\u00fcr alle, die Brasilien aus unterschiedlichen Blickwinkeln entdecken m\u00f6chten.<\/p>\n<\/div>\n\n\n\n<div class=\"wp-block-column is-layout-flow wp-block-column-is-layout-flow\">\n<p class=\"wp-block-paragraph\"><\/p>\n\n\n\n<p class=\"wp-block-paragraph\">Somos um grupo de brasileiras e brasileiros que escolheram a Alemanha como lar e que, ao mesmo tempo, continuam alimentando a conex\u00e3o com nossas ra\u00edzes no Brasil. <em>Entre \u00c1guas<\/em>, nossas experi\u00eancias, mem\u00f3rias e perspectivas continuam a crescer.<\/p>\n\n\n\n<p class=\"wp-block-paragraph\">Atrav\u00e9s da associa\u00e7\u00e3o, queremos cuidar e nutrir essas ra\u00edzes para que possam dar novos brotos: encontros, interc\u00e2mbio cultural e aprendizado. Por meio do nosso trabalho social e cultural, buscamos promover diversidade, abertura e toler\u00e2ncia.<\/p>\n\n\n\n<p class=\"wp-block-paragraph\">Nos vemos como um ponto de contato para todas as pessoas que desejam descobrir o Brasil a partir de diferentes perspectivas. <\/p>\n<\/div>\n<\/div>\n\n\n\n<p class=\"wp-block-paragraph\"><\/p>\n","protected":false},"excerpt":{"rendered":"<p>Bem-vindos ao VEA &#8211; Verein Entre \u00c1guas! Wir sind eine Gruppe von Brasilianer:innen, die Deutschland zu ihrer Heimat gew\u00e4hlt haben und zugleich die Verbindung zu unseren Wurzeln in Brasilien lebendig halten. Zwischen zwei Gew\u00e4ssern \u2013&hellip; <a href=\"https:\/\/veabrasil.org\/\">Mehr<\/a><\/p>\n","protected":false},"author":1,"featured_media":0,"parent":0,"menu_order":0,"comment_status":"closed","ping_status":"closed","template":"","meta":{"_crdt_document":"","footnotes":""},"class_list":["post-36","page","type-page","status-publish","hentry"],"_links":{"self":[{"href":"https:\/\/veabrasil.org\/index.php?rest_route=\/wp\/v2\/pages\/36","targetHints":{"allow":["GET"]}}],"collection":[{"href":"https:\/\/veabrasil.org\/index.php?rest_route=\/wp\/v2\/pages"}],"about":[{"href":"https:\/\/veabrasil.org\/index.php?rest_route=\/wp\/v2\/types\/page"}],"author":[{"embeddable":true,"href":"https:\/\/veabrasil.org\/index.php?rest_route=\/wp\/v2\/users\/1"}],"replies":[{"embeddable":true,"href":"https:\/\/veabrasil.org\/index.php?rest_route=%2Fwp%2Fv2%2Fcomments&post=36"}],"version-history":[{"count":49,"href":"https:\/\/veabrasil.org\/index.php?rest_route=\/wp\/v2\/pages\/36\/revisions"}],"predecessor-version":[{"id":337,"href":"https:\/\/veabrasil.org\/index.php?rest_route=\/wp\/v2\/pages\/36\/revisions\/337"}],"wp:attachment":[{"href":"https:\/\/veabrasil.org\/index.php?rest_route=%2Fwp%2Fv2%2Fmedia&parent=36"}],"curies":[{"name":"wp","href":"https:\/\/api.w.org\/{rel}","templated":true}]}}

<p class="wp-block-paragraph"></p>



<h3 class="wp-block-heading has-background has-large-font-size" style="background-color:#8ed8e6">Bem-vindos ao VEA &#8211; Verein Entre Águas!</h3>



<div class="wp-block-columns is-layout-flex wp-container-core-columns-is-layout-8f761849 wp-block-columns-is-layout-flex">
<div class="wp-block-column is-layout-flow wp-block-column-is-layout-flow">
<p class="wp-block-paragraph"></p>



<p class="wp-block-paragraph">Wir sind eine Gruppe von Brasilianer:innen, die Deutschland zu ihrer Heimat gewählt haben und zugleich die Verbindung zu unseren Wurzeln in Brasilien lebendig halten. Zwischen zwei Gewässern – <em>Entre</em> <em>Águas</em> – wachsen unsere Erfahrungen, Erinnerungen und Perspektiven weiter.</p>



<p class="wp-block-paragraph">In unserem Verein möchten wir diese Wurzeln pflegen und nähren, damit sie neue Triebe hervorbringen können: Begegnungen, kulturellen Austausch und gemeinsames Lernen. Durch unsere soziale und kulturelle Arbeit setzen wir uns für Vielfalt, Offenheit und Toleranz ein.</p>



<p class="wp-block-paragraph">Wir verstehen uns als ein Ort der Begegnung für alle, die Brasilien aus unterschiedlichen Blickwinkeln entdecken möchten.</p>
</div>



<div class="wp-block-column is-layout-flow wp-block-column-is-layout-flow">
<p class="wp-block-paragraph"></p>



<p class="wp-block-paragraph">Somos um grupo de brasileiras e brasileiros que escolheram a Alemanha como lar e que, ao mesmo tempo, continuam alimentando a conexão com nossas raízes no Brasil. <em>Entre Águas</em>, nossas experiências, memórias e perspectivas continuam a crescer.</p>



<p class="wp-block-paragraph">Através da associação, queremos cuidar e nutrir essas raízes para que possam dar novos brotos: encontros, intercâmbio cultural e aprendizado. Por meio do nosso trabalho social e cultural, buscamos promover diversidade, abertura e tolerância.</p>



<p class="wp-block-paragraph">Nos vemos como um ponto de contato para todas as pessoas que desejam descobrir o Brasil a partir de diferentes perspectivas. </p>
</div>
</div>



<p class="wp-block-paragraph"></p>

<p>Bem-vindos ao VEA &#8211; Verein Entre Águas! Wir sind eine Gruppe von Brasilianer:innen, die Deutschland zu ihrer Heimat gewählt haben und zugleich die Verbindung zu unseren Wurzeln in Brasilien lebendig halten. Zwischen zwei Gewässern –&hellip; <a href="https://veabrasil.org/">Mehr</a></p>
